9490 + 9746 = 0. What is the units digit of v?
8
Let i(p) = -2*p**3 + 16*p**2 - 11*p + 3. Let a(m) = m**3 - 8*m**2 + 5*m - 1. Let b(v) = -5*a(v) - 2*i(v). What is the tens digit of b(6)?
5
What is the thousands digit of (-558870)/(-84) + (-18)/84?
6
Let q be (1 + 0/(-3))*4. Let y be 12*-3*q/(-24). What is the units digit of (76/y)/(6/9)?
9
Suppose -4*z + 5 = 29. Let c be 184*(27/z)/(-3). Suppose 0 = 4*m - 3*n - c, m + 4*n - 35 = 34. What is the tens digit of m?
6
Suppose 16*r - 13*r = 2*i - 3719, 4*i + 4*r - 7488 = 0. What is the units digit of i?
7
Suppose 0*s - 2*t = 2*s - 222, t + 543 = 5*s. Suppose 3*l - 98 = s. What is the units digit of l?
9
Let m(y) = 12*y**2 + 6*y + 16. What is the hundreds digit of m(-6)?
4
Suppose 2*s + 127 = l, 3 - 95 = -l - 5*s. Let a = l - 76. What is the tens digit of a?
4
Let l(b) = 5*b**2 + 17. What is the hundreds digit of l(5)?
1
What is the tens digit of (-6)/5 + (-12532)/(-10)?
5
Let s(t) = -79. Let g(v) = 2*v - 79. Let k(a) = -6*g(a) + 5*s(a). What is the units digit of k(-5)?
9
Let k = -778 - -1149. What is the hundreds digit of k?
3
Suppose 3*p = -5*r + 2, -2*p - 5 = -2*r + p. Suppose -k = 1, a + 4*k + 1388 = -3*a. What is the tens digit of r/(-4) - a/8?
4
Suppose r = 4*c - 54, 0 = 4*r - 5*c + 40 + 154. Let i = -109 - r. What is the units digit of (i/12)/((-9)/48)?
8
Suppose 0 = -3*d - 5*p + 757, 0*d - 5*d + 3*p = -1273. What is the units digit of d?
4
Let t(v) = 376*v**2 - 28*v + 46. What is the hundreds digit of t(2)?
4
Let z(u) be the second derivative of 179*u**3/6 - u**2/2 - 17*u. What is the hundreds digit of z(1)?
1
Let k = -25 + 37. Suppose -3*m - m = k, 5*b = -4*m + 403. What is the units digit of b?
3
Let l(h) = -h - 21. Let j be l(-21). Suppose 5*i - 2*p + 0*p - 1067 = j, 0 = 3*i + p - 649. What is the units digit of i?
5
Suppose 0 = -5*x - 2*v - 1977 + 5387, 3*v - 2728 = -4*x. What is the units digit of x?
2
Let w = 7 + 1. Let p(x) = x**3 - 8*x**2 + 3*x - 12. Let u be p(w). What is the tens digit of 49/4 - (-9)/u?
1
Let m(k) = 58*k**2 + 8*k + 45. What is the tens digit of m(-4)?
4
Let w be -1 - 3 - (5 + -9). Suppose -3*r + 33 = -w*r. What is the units digit of r?
1
Let d(i) = -131*i - 10. Let x(u) = -130*u - 9. Let k(c) = 5*d(c) - 6*x(c). Let z be k(-4). What is the units digit of z/(-40) - 4/10?
2
Suppose -3 = -5*k + 2*b + 14, -k + 4*b + 7 = 0. Let s(i) = 0*i - 2 + 8*i + 2*i**2 + 0 - k*i. What is the units digit of s(-5)?
3
Let p(n) = -n - 2. Let z be p(6). What is the tens digit of (z/5)/(6/(-255))?
6
Let o(g) = -5*g**3 + 118*g**2 + 66*g + 31. What is the units digit of o(23)?
6
Suppose 0 = -4*r + 2*g + 2*g - 164, 10 = -2*g. Let j = -40 - r. What is the units digit of j?
6
Let j(w) = -w**3 + 4*w**2 + 2*w + 5. Let g = 1 - -2. Suppose -8 = -5*t + g*t. What is the tens digit of j(t)?
1
What is the tens digit of 30/12*(-258)/(-5)?
2
Let w = -1 + 21. Suppose 16 + w = -3*g. Let d = -10 - g. What is the units digit of d?
2
Suppose 6*x = -x + 266. Suppose -3*b + 94 = -x. What is the tens digit of b?
4
Let h(u) = -62*u - 213. What is the hundreds digit of h(-8)?
2
Let u(s) = -s**3 + s**2 + 7*s. Let d be u(3). Let p be 1*27/2*6. Suppose 0 = 5*r - 4*b - p, 5*r - d*b = -5*b + 57. What is the tens digit of r?
1
Let w be (-1 - 1)/(8/(-8)). Let r = w + 0. Let z(y) = 6*y**2 - 4*y + 1. What is the tens digit of z(r)?
1
Suppose z - 4*z + 5*z = 0. Suppose -m + 29 + 39 = z. What is the tens digit of m?
6
Suppose -4 = q + 5*i, -2*q + 6*i - 16 = 8*i. What is the units digit of 26/6*(q + 18)?
9
Let u(w) = -11 - w**2 + 2*w**2 + 0*w**2 + 9*w. Let r be u(-9). Let q(a) = a + 14. What is the units digit of q(r)?
3
What is the units digit of ((-4)/(-8))/(3/6)*1891?
1
Let i(l) = -l**2 - 6*l. Let v be i(-6). Suppose j - 126 = 2*o - 4*o, v = -j - 4*o + 132. Suppose 0 = -12*y + 14*y - j. What is the tens digit of y?
6
Suppose -22*a - 4891 = -73773. What is the units digit of a?
1
Suppose -2*a = -3*g + 24, 0 = -4*g + 5*a + 21 + 4. Suppose 5 + g = 3*v. Suppose 125 = 3*n - v*h, -4*n - 4*h = n - 159. What is the tens digit of n?
3
Let v = 1981 + -1128. What is the tens digit of v?
5
Suppose -795 = -o - 2*o. Suppose -778 + o = -3*q. What is the hundreds digit of q?
1
Suppose 5*s - 1856 + 136 = 0. Suppose -w - w = -s. What is the units digit of w?
2
Suppose 3*j - 854 = -5*g, -j + 514 = -g + 4*g. Suppose 41 = 2*n + 3*p - 65, -4*n + g = -4*p. What is the tens digit of n?
4
Let a(t) = 177*t - 167. What is the tens digit of a(11)?
8
Let r(x) = -x**2 - 19*x - 14. Let j be r(-18). Suppose -2*k - 272 = -3*n - 70, -j*n + 260 = 2*k. What is the tens digit of n?
6
Let t be 3348/16 - 2/8. Let h = -119 + t. What is the tens digit of h?
9
Let v(k) = 105 - 59 - 59 + 4*k. Suppose 0 = 2*m - 21 + 1. What is the units digit of v(m)?
7
Let g be (-4 - -1) + 2 - -7. Suppose 2*l + 10 = -4*s, -3*s + l - g*l = 4. What is the units digit of 1*(37 - 4 - s)?
6
What is the units digit of (-176878)/(-312) + (-2)/(-24)?
7
Suppose 137 = 2*p - 7. What is the tens digit of p?
7
Let y be (-1)/(-3 - (-70)/25). Suppose t = -t - 3*k + 256, -y*k - 422 = -3*t. What is the units digit of t?
4
Let c(a) = a**2 - 6*a - 31. What is the tens digit of c(21)?
8
Let t = -108 - -260. What is the units digit of t?
2
Suppose 4*a = 8, -4*i + 2*a = -91 - 17. What is the units digit of 24/(-8) - i/(-2)?
1
Let b(c) = -3. Let q(l) = l + 7. Let m(j) = -5*b(j) - 3*q(j). Let w be m(-10). Suppose -3*k + 4*r = -133, 4*k + 2*r - 216 + w = 0. What is the units digit of k?
7
Let s(y) = y**2 - 7*y - 5. Let o be s(7). Let d be (-1)/o - (-96)/20. Suppose 0 = d*p + 1 - 6. What is the units digit of p?
1
Let z(p) = -3*p**2 - p + 16. Let k be z(-8). Let l be (-6)/(-4)*k/(-9). Suppose 2*g - l = -5*v, -3*v + 6*v + 25 = g. What is the tens digit of g?
1
Let y be 1/(42/(-15) - -3). Suppose 3*x = -y*x + 120. What is the units digit of x?
5
Let w(x) = 24*x**2 + 56*x - 24. What is the hundreds digit of w(10)?
9
Let u(f) = -f**3 + 71*f**2 - 126*f + 176. What is the units digit of u(68)?
0
Suppose -4*u - 42 + 6 = 0. Let v(l) = -l**3 - 7*l**2 + 9*l - 2. What is the tens digit of v(u)?
7
What is the units digit of (8958/4)/((-63)/(-42)) + 1?
4
Suppose 24*j - 640 = 19*j. What is the units digit of j?
8
What is the tens digit of (0 - 3) + (-1533)/(-3)?
0
Let w(f) = 37*f**2 - 17*f - 16. What is the thousands digit of w(6)?
1
Let t be 30/45 - (-4)/3. Suppose -75 = -3*v + 3*f, -v - t*f + 25 = 3*f. What is the units digit of v?
5
Let s(j) = 9*j**2 - 4. Let p be s(-3). Suppose -2*o = -p - 11. Suppose 0 = -5*b + 51 + o. What is the tens digit of b?
1
Let y(u) = u**3 + u**2 - 3*u + 1. Let f be y(4). Let m = f + -6. What is the units digit of m?
3
What is the tens digit of ((-60)/35)/((-4)/154)?
6
Suppose 0 = -q - 5*x + 3, 0 = -2*q - 0*x - 3*x + 6. Suppose 5*j = -q*w - 0 - 4, 2*w = 2*j + 8. What is the units digit of w?
2
Let r = -32 + 194. What is the tens digit of r?
6
Suppose -71*m + 33*m = -26638. What is the tens digit of m?
0
What is the units digit of (-8)/6*(-120 - 3)?
4
Suppose k - 6*k + 15 = 0. Suppose b + 197 = -4*d + 8*d, -k*b = 3. What is the units digit of d?
9
Let g(d) = -d - 9. Let c be g(9). What is the units digit of (c/(-4) - 4)*122?
1
Let f(t) = -10*t + 3*t + 9*t + 1. Let n be f(8). What is the units digit of n/2 - 12/24?
8
Suppose 0*a - 1010 = -2*a. What is the tens digit of a?
0
Suppose 0 = -8*o - 6 - 10. Let s(w) = 13*w**2 - 2*w - 3. What is the units digit of s(o)?
3
Suppose -g - 311 = -a + 4*g, 5*a - 4*g = 1471. Suppose a + 304 = 5*u. What is the tens digit of u?
1
Let p(s) = -3 + 9*s**2 + 4 + 2 + s**3 - 2*s**3 - 2*s. What is the units digit of p(8)?
1
Suppose 4*v - 74 - 86 = 0. What is the units digit of v?
0
Suppose -2*y + 2*j = 5*j - 18, -2*y = 4*j - 18. Suppose -5*r + y*r = 476. What is the hundreds digit of r?
1
Let w = -9473 + 13448. What is the tens digit of w?
7
Let t be ((0 - -32)/2)/1. Let b be (-25)/25 + (0 - 69/(-3)). Let h = b - t. What is the units digit of h?
6
Suppose 228 + 316 = -4*a + 5*s, -a + 3*s - 136 = 0. Let u = -191 - a. Let j = -31 - u. What is the units digit of j?
4
Let y be 6/(-3 + 3 + 2). Suppose 4 = 5*i - w - 74, y*w + 58 = 4*i. What is the tens digit of i?
1
Let s(y) = 57*y**2 - y - 2. What is the hundreds digit of s(3)?
5
Let h be 2/7 + 236/7. Let u = h + 5